*(-25)/(200/(-156)).
16
Let h(u) = -u**2 - 36*u + 149. Let z be (-58)/87 - ((-118)/(-3) - 2). What is the remainder when 231 is divided by h(z)?
12
Let d(i) = 2*i**2 - 22*i + 24. Let k be d(10). Suppose -k*p - 19 = j - 6*p, -j = 2*p + 35. Let y = 49 - j. What is the remainder when y is divided by 26?
24
Let c(t) = 5*t + 696. What is the remainder when c(19) is divided by 11?
10
Let a = 8406 + -8388. What is the remainder when 5848 is divided by a?
16
Let t = 2892 - -640. What is the remainder when t is divided by 19?
17
Let i = 257 - -39. Let g = 385 - i. What is the remainder when g is divided by 15?
14
Let y(v) = 10*v - 8. Let j(q) = -q**2 + 27*q - 141. What is the remainder when y(7) is divided by j(18)?
20
Let d(a) = a**3 + 0*a**3 - 22 + 6*a + 9*a**2 + 3 + 5*a. Suppose 2*w + 2*o = -o - 7, 0 = -2*o - 10. Calculate the remainder when w is divided by d(-7).
0
Let c(m) = -5 - 9*m - 2*m**3 + 0 - 3 + 17*m + 14*m**2. Let k = 120 + -82. Calculate the remainder when c(6) is divided by k.
36
Suppose 443 = 5*g + 63. What is the remainder when ((-488)/(-32) + -12)/((221/1508)/17) is divided by g?
73
Let x(d) be the first derivative of d**4/2 + 2*d**3/3 - 3*d**2 + 14*d - 118. What is the remainder when 1377 is divided by x(2)?
25
Let k(t) = 408*t + 0*t**2 + 401*t - 2*t**2 + t**3 - 806*t. Let p(y) = -y**3 - 9*y**2 - y - 4. What is the remainder when k(3) is divided by p(-9)?
3
Let s = -16 + 2. Suppose 2*b + 17 = 41. What is the remainder when (-4)/s + (-1224)/(-28) is divided by b?
8
Calculate the remainder when 7/(-14*8/(-816)) is divided by 40.
11
Let j = 57 + -11. Let b = 74 - j. What is the remainder when b is divided by (-30)/(-1 - 4) - 0/(-2)?
4
Let j be ((-28)/(-8) - 2)/((-1)/2). Let c = 9 + j. Calculate the remainder when (-395)/(-35) + 4/(-14) is divided by c.
5
Let f = -19800 + 21973. Calculate the remainder when f is divided by 75.
73
Calculate the remainder when 101 is divided by 16/36 + 5112/162.
5
Let g = 3861 - 3851. Calculate the remainder when 813 is divided by g.
3
Suppose -3264 = -93*x + 42*x. Let d(c) = 4*c**3 + 2*c**2 + 2*c - 2. Let p be d(5). Let f = p + -240. Calculate the remainder when f is divided by x.
62
Let v = -1810 + 1805. Let l(x) = -9*x + 15. Let r(n) = 1. Let t(d) = l(d) - 4*r(d). What is the remainder when 220 is divided by t(v)?
52
Let v(g) = 174*g - 2635. What is the remainder when 1635 is divided by v(17)?
20
Suppose -5*t - 7*t + 144 = 0. Suppose 5*l - 1932 = t*l. What is the remainder when 56 is divided by (l/14)/(-1) + (-6)/(-21)?
16
Suppose -18*h + 3160 = 10*h - 8*h. What is the remainder when 1887 is divided by h?
149
Let t(l) = l + 25. Let y(m) = m**2. Let k be y(2). Suppose -3*c - k*c = -175. What is the remainder when t(23) is divided by c?
23
Let q = -4731 - -4971. Calculate the remainder when q is divided by 20.
0
Let t(m) = -5*m - 20 + 51 + 4*m. Calculate the remainder when 77 is divided by t(8).
8
What is the remainder when 197 is divided by (-13284)/(-135) + 26 + 2/(-5)?
73
Suppose 0 = -111*w + 586 + 524. Calculate the remainder when 56 is divided by w.
6
What is the remainder when 6/15 - (2573/(-5) - 2) is divided by (-3)/4 + 3186/216?
13
Calculate the remainder when 11159 is divided by (-21)/6*(-7440)/280.
92
Let a be 23 + 0 + -2 + (12 - 17). Let l = -3 + 6. Suppose 3 = k, k + l*k + a = 4*m. Calculate the remainder when 16 is divided by m.
2
What is the remainder when 32/(-104) + 3597888/364 is divided by 3291?
11
Suppose 121*m + 27 = 124*m. Suppose 391 + 248 = m*q. What is the remainder when q is divided by 37?
34
Suppose 3*v + 91 = -5*k, -2*k - 181 = 5*v - k. Let u = 49 + v. Let q(a) = -5*a + 5. What is the remainder when q(-6) is divided by u?
11
Suppose -5*f + 356*q + 621 = 357*q, -516 = -4*f - 4*q. What is the remainder when f is divided by 23/((8/(-4))/(-2 + 0))?
8
Let a(f) = 16*f - 36. Let h be a(3). Let n(g) = 2 + 5*g**2 + 13 - 12*g - 4*g**2. Calculate the remainder when 53 is divided by n(h).
8
Let m = -5 + 8. Let c = 19 + -15. Suppose 4*a - 117 = -5*n, -2*a + c = m*n - 57. What is the remainder when 89 is divided by a?
20
Let y(j) = 3*j**2 - j + 1. Let p be y(1). Suppose -p*z = q - 3*q + 625, -945 = -3*q + 3*z. Calculate the remainder when -1*(-3)/(-9) + q/6 is divided by 27.
26
Let i(z) = z**2 + 2*z - 18. Suppose 3*x = -293 + 383. Calculate the remainder when i(-15) is divided by x.
27
Let x(g) = g**3 - 7*g**2 + 4*g. What is the remainder when (5 - (4 + 18))*-13 is divided by x(7)?
25
Let r = 1536 + -1369. Calculate the remainder when 5675 is divided by r.
164
Suppose 48834*c - 48838*c + 5*n + 124 = 0, -129 = -5*c + 3*n. What is the remainder when (-2)/(-8) + 1339/4 is divided by c?
20
Let z = -197 - -204. What is the remainder when 1/((-528)/(-75) - z) is divided by 23?
2
Suppose 0*g = -5*g + 85. Suppose 90*k = -7962 + 8412. What is the remainder when g is divided by k?
2
Let t be 1/(-4) - (-468)/16. Suppose -3*k + 25 = -t. What is the remainder when (-1284)/108*(-54)/6 is divided by k?
17
Suppose -d = -2*r + 3, 5 = 4*r + r - 5*d. Let l(g) = -g**2 + 12*g + 7. What is the remainder when -5 + (3 - -169) + r is divided by l(9)?
33
Suppose -101*x + 1000 = -76*x. Let d be (7/14)/(1/12). Let h = d + 8. Calculate the remainder when x is divided by h.
12
Let v = 928 + -621. Let l = -288 + v. What is the remainder when (-1 - -107)/(2*1) is divided by l?
15
Let h = 153 - 111. Let s(o) = o**2 - 9*o + 4. What is the remainder when h is divided by s(0)?
2
Let m = 1539 - 1482. Calculate the remainder when 349 is divided by m.
7
Suppose 23*a = 2*c + 19*a - 18, 5*a - 71 = -3*c. Let v(k) = k**3 - 16*k**2 - 20*k + 60. Calculate the remainder when 30 is divided by v(c).
3
Let o = 44808 + -44741. Calculate the remainder when 191 is divided by o.
57
Let w(k) = -k**3 + 21*k**2 + 162*k + 36. Calculate the remainder when 1655 is divided by w(27).
35
Suppose 2*g + 1990 = -3*y + 9030, -4*g - 2*y = -14096. What is the remainder when g is divided by 58?
46
Let p(g) = -2*g + 18. Let y be p(-21). Suppose 0 = b - 4. What is the remainder when (y/(-50))/(1 + 6/(-5)) is divided by b?
2
Suppose 3*d - j - 817 = 0, 44*d - 5*j = 48*d - 1102. Calculate the remainder when d is divided by 262.
11
Let j(l) = 2*l - 33. Let y be j(16). Let h = 92 - y. Suppose 4*t - h = -5*z, -3*z + 83 = 4*t - 0*z. Calculate the remainder when 24 is divided by t.
7
Suppose 44 = -15*q + 4*q. Let y(x) = -x**2 - 11*x - 8. Let r be y(q). Suppose -5*j - 3*l + 45 = -2*l, -4*l = r. Calculate the remainder when 77 is divided by j.
7
Let p = -108 - -116. Let n(d) = d**2 - 7*d + 11. What is the remainder when n(p) is divided by 5?
4
Suppose 0 = -4*k + 3216 - 2648. Calculate the remainder when k is divided by 5.
2
What is the remainder when 2923 is divided by ((-2)/(-8))/(((-20)/(-696))/((-140)/(-42)))?
23
Suppose 8 = -8*d + 12*d. Suppose -3*m = -5*j + d*j + 24, 5*m = -j - 28. Calculate the remainder when 5 is divided by 0 - (-2)/((-4)/m).
2
Let l be 272/(-14) + (-21)/(-49). Let i be (-76)/l + (0 - 19). Let d = i + 43. What is the remainder when d is divided by 10?
8
Let z be (-11)/(-22) + (-33)/(-6). What is the remainder when ((-117)/52)/(z/(-184)) is divided by 36?
33
Let b = -37 + 30. Let c = 85 - b. Suppose 10*s - 48 = c. Calculate the remainder when 27 is divided by s.
13
Let b = -118 - -144. Calculate the remainder when 378 is divided by b.
14
Let y be ((-2)/(-8))/((-7)/7588). Let p = y - -301. What is the remainder when p is divided by 4?
2
Let m be 4/(-10) + (-2240)/(-100). Suppose m*d - 23*d + 83 = 0. What is the remainder when d + (-8)/((-8)/(-2)) is divided by 28?
25
Let s = 4 + 2. Let k be (44/(-8))/(s/(-36)). Suppose k*p = 31*p + 14. What is the remainder when 46 is divided by p?
4
Let p = 159 - -237. Let n = p + -284. Calculate the remainder when n is divided by 30.
22
Let r(z) = 3*z**2 + z - 27. Suppose -5*g = -5*x - 35, -6 = -x - 3. Calculate the remainder when r(g) is divided by 58.
51
Let q(z) = 4*z**2 - 216*z + 821. What is the remainder when 20852 is divided by q(4)?
20
Let p(j) = j**2 - 9*j + 12. Let q(o) = 7*o + 18. Suppose 2*m - 8 = -2*m, 5*f - 2*m = 16. What is the remainder when q(f) is divided by p(9)?
10
Let w = 2869 + -2622. Calculate the remainder when w is divided by 113.
21
Let t be (-7)/1*1*(-100)/14. Suppose -6*j = 4*j - t